[INFO] cloning repository https://github.com/professionalProgrammers/chrome-password-snatcher
[INFO] running `Command { std: "git" "-c" "credential.helper=" "-c" "credential.helper=/workspace/cargo-home/bin/git-credential-null" "clone" "--bare" "https://github.com/professionalProgrammers/chrome-password-snatcher" "/workspace/cache/git-repos/https%3A%2F%2Fgithub.com%2FprofessionalProgrammers%2Fchrome-password-snatcher", kill_on_drop: false }`
[INFO] [stderr] Cloning into bare repository '/workspace/cache/git-repos/https%3A%2F%2Fgithub.com%2FprofessionalProgrammers%2Fchrome-password-snatcher'...
[INFO] running `Command { std: "git" "rev-parse" "HEAD", kill_on_drop: false }`
[INFO] [stdout] 9b96c571454ee18f9eb4c1c38399b7415af451ed
[INFO] checking professionalProgrammers/chrome-password-snatcher against master#af3c6e733a40e671550e0f0f5aeecaa13772ba56 for pr-74989
[INFO] running `Command { std: "git" "clone" "/workspace/cache/git-repos/https%3A%2F%2Fgithub.com%2FprofessionalProgrammers%2Fchrome-password-snatcher" "/workspace/builds/worker-14/source", kill_on_drop: false }`
[INFO] [stderr] Cloning into '/workspace/builds/worker-14/source'...
[INFO] [stderr] done.
[INFO] validating manifest of git repo https://github.com/professionalProgrammers/chrome-password-snatcher on toolchain af3c6e733a40e671550e0f0f5aeecaa13772ba56
[INFO] running `Command { std: "/workspace/cargo-home/bin/cargo" "+af3c6e733a40e671550e0f0f5aeecaa13772ba56" "read-manifest" "--manifest-path" "Cargo.toml", kill_on_drop: false }`
[INFO] started tweaking git repo https://github.com/professionalProgrammers/chrome-password-snatcher
[INFO] finished tweaking git repo https://github.com/professionalProgrammers/chrome-password-snatcher
[INFO] tweaked toml for git repo https://github.com/professionalProgrammers/chrome-password-snatcher written to /workspace/builds/worker-14/source/Cargo.toml
[INFO] crate git repo https://github.com/professionalProgrammers/chrome-password-snatcher already has a lockfile, it will not be regenerated
[INFO] running `Command { std: "/workspace/cargo-home/bin/cargo" "+af3c6e733a40e671550e0f0f5aeecaa13772ba56" "fetch" "--locked" "--manifest-path" "Cargo.toml", kill_on_drop: false }`
[INFO] [stderr]     Blocking waiting for file lock on package cache
[INFO] [stderr]     Blocking waiting for file lock on package cache
[INFO] running `Command { std: "docker" "create" "-v" "/var/lib/crater-agent-workspace/builds/worker-14/target:/opt/rustwide/target:rw,Z" "-v" "/var/lib/crater-agent-workspace/builds/worker-14/source:/opt/rustwide/workdir:ro,Z" "-v" "/var/lib/crater-agent-workspace/cargo-home:/opt/rustwide/cargo-home:ro,Z" "-v" "/var/lib/crater-agent-workspace/rustup-home:/opt/rustwide/rustup-home:ro,Z" "-e" "SOURCE_DIR=/opt/rustwide/workdir" "-e" "CARGO_TARGET_DIR=/opt/rustwide/target" "-e" "CARGO_HOME=/opt/rustwide/cargo-home" "-e" "RUSTUP_HOME=/opt/rustwide/rustup-home" "-w" "/opt/rustwide/workdir" "-m" "1610612736" "--user" "0:0" "--network" "none" "rustops/crates-build-env@sha256:d92eaeed33fa75130ca1ee6c8a01d1ffb62bac859dfdfb3450e3e5d1c0146529" "/opt/rustwide/cargo-home/bin/cargo" "+af3c6e733a40e671550e0f0f5aeecaa13772ba56" "metadata" "--no-deps" "--format-version=1", kill_on_drop: false }`
[INFO] [stderr] WARNING: Your kernel does not support swap limit capabilities or the cgroup is not mounted. Memory limited without swap.
[INFO] [stdout] c406eb9e09ac5bf65f41229e1e2d8eacce763330c245564fa8c108bf19e695da
[INFO] running `Command { std: "docker" "start" "-a" "c406eb9e09ac5bf65f41229e1e2d8eacce763330c245564fa8c108bf19e695da", kill_on_drop: false }`
[INFO] running `Command { std: "docker" "inspect" "c406eb9e09ac5bf65f41229e1e2d8eacce763330c245564fa8c108bf19e695da", kill_on_drop: false }`
[INFO] running `Command { std: "docker" "rm" "-f" "c406eb9e09ac5bf65f41229e1e2d8eacce763330c245564fa8c108bf19e695da", kill_on_drop: false }`
[INFO] [stdout] c406eb9e09ac5bf65f41229e1e2d8eacce763330c245564fa8c108bf19e695da
[INFO] running `Command { std: "docker" "create" "-v" "/var/lib/crater-agent-workspace/builds/worker-14/target:/opt/rustwide/target:rw,Z" "-v" "/var/lib/crater-agent-workspace/builds/worker-14/source:/opt/rustwide/workdir:ro,Z" "-v" "/var/lib/crater-agent-workspace/cargo-home:/opt/rustwide/cargo-home:ro,Z" "-v" "/var/lib/crater-agent-workspace/rustup-home:/opt/rustwide/rustup-home:ro,Z" "-e" "SOURCE_DIR=/opt/rustwide/workdir" "-e" "CARGO_TARGET_DIR=/opt/rustwide/target" "-e" "CARGO_INCREMENTAL=0" "-e" "RUST_BACKTRACE=full" "-e" "RUSTFLAGS=--cap-lints=forbid" "-e" "CARGO_HOME=/opt/rustwide/cargo-home" "-e" "RUSTUP_HOME=/opt/rustwide/rustup-home" "-w" "/opt/rustwide/workdir" "-m" "1610612736" "--user" "0:0" "--network" "none" "rustops/crates-build-env@sha256:d92eaeed33fa75130ca1ee6c8a01d1ffb62bac859dfdfb3450e3e5d1c0146529" "/opt/rustwide/cargo-home/bin/cargo" "+af3c6e733a40e671550e0f0f5aeecaa13772ba56" "check" "--frozen" "--all" "--all-targets" "--message-format=json", kill_on_drop: false }`
[INFO] [stdout] 7aed69186b4a16e22803f12b319549e77f064cfdd315da5e897bf017b272b0f2
[INFO] [stderr] WARNING: Your kernel does not support swap limit capabilities or the cgroup is not mounted. Memory limited without swap.
[INFO] running `Command { std: "docker" "start" "-a" "7aed69186b4a16e22803f12b319549e77f064cfdd315da5e897bf017b272b0f2", kill_on_drop: false }`
[INFO] [stderr]    Compiling libc v0.2.68
[INFO] [stderr]    Compiling typenum v1.11.2
[INFO] [stderr]    Compiling syn v1.0.38
[INFO] [stderr]     Checking matches v0.1.8
[INFO] [stderr]    Compiling openssl v0.10.28
[INFO] [stderr]     Checking subtle v2.2.2
[INFO] [stderr]     Checking foreign-types-shared v0.1.1
[INFO] [stderr]     Checking opaque-debug v0.2.3
[INFO] [stderr]     Checking itoa v0.4.5
[INFO] [stderr]    Compiling memchr v2.3.3
[INFO] [stderr]    Compiling winapi v0.3.9
[INFO] [stderr]     Checking openssl-probe v0.1.2
[INFO] [stderr]     Checking fnv v1.0.6
[INFO] [stderr]     Checking bytes v0.5.4
[INFO] [stderr]     Checking fallible-streaming-iterator v0.1.9
[INFO] [stderr]     Checking fallible-iterator v0.2.0
[INFO] [stderr]     Checking base64 v0.12.3
[INFO] [stderr]    Compiling libsqlite3-sys v0.17.3
[INFO] [stderr]    Compiling openssl-sys v0.9.54
[INFO] [stderr]     Checking lru-cache v0.1.2
[INFO] [stderr]     Checking unicode-bidi v0.3.4
[INFO] [stderr]     Checking foreign-types v0.3.2
[INFO] [stderr]    Compiling proc-macro2 v1.0.19
[INFO] [stderr]     Checking http v0.2.1
[INFO] [stderr]     Checking idna v0.2.0
[INFO] [stderr]    Compiling quote v1.0.3
[INFO] [stderr]    Compiling native-tls v0.2.4
[INFO] [stderr]     Checking getrandom v0.1.14
[INFO] [stderr]     Checking time v0.1.42
[INFO] [stderr]     Checking dirs-sys v0.3.5
[INFO] [stderr]     Checking generic-array v0.12.3
[INFO] [stderr]     Checking url v2.1.1
[INFO] [stderr]     Checking directories v3.0.1
[INFO] [stderr]     Checking rand_core v0.5.1
[INFO] [stderr]     Checking block-cipher-trait v0.6.2
[INFO] [stderr]     Checking universal-hash v0.3.0
[INFO] [stderr]     Checking aead v0.2.0
[INFO] [stderr]     Checking aes-soft v0.3.3
[INFO] [stderr]     Checking rand_chacha v0.2.2
[INFO] [stderr]     Checking polyval v0.3.3
[INFO] [stderr]     Checking ghash v0.2.3
[INFO] [stderr]     Checking aes v0.3.2
[INFO] [stderr]     Checking rand v0.7.3
[INFO] [stderr]     Checking aes-gcm v0.5.0
[INFO] [stderr]     Checking tempfile v3.1.0
[INFO] [stderr]     Checking attohttpc v0.15.0
[INFO] [stderr]    Compiling serde_derive v1.0.116
[INFO] [stderr]     Checking rusqlite v0.22.0
[INFO] [stderr]     Checking serde v1.0.116
[INFO] [stderr]     Checking serde_json v1.0.57
[INFO] [stderr]     Checking chrome-password-snatcher v0.0.1 (/opt/rustwide/workdir)
[INFO] [stdout] error[E0433]: failed to resolve: could not find `um` in `winapi`
[INFO] [stdout]  --> src/data_blob.rs:5:13
[INFO] [stdout]   |
[INFO] [stdout] 5 | use winapi::um::{
[INFO] [stdout]   |             ^^ could not find `um` in `winapi`
[INFO] [stdout] 
[INFO] [stdout] 
[INFO] [stdout] error[E0433]: failed to resolve: could not find `windows` in `os`
[INFO] [stdout]  --> src/local_wide_string.rs:4:9
[INFO] [stdout]   |
[INFO] [stdout] 4 |     os::windows::ffi::OsStringExt,
[INFO] [stdout]   |         ^^^^^^^ could not find `windows` in `os`
[INFO] [stdout] 
[INFO] [stdout] 
[INFO] [stdout] error[E0433]: failed to resolve: could not find `um` in `winapi`
[INFO] [stdout]  --> src/local_wide_string.rs:6:13
[INFO] [stdout]   |
[INFO] [stdout] 6 | use winapi::um::{
[INFO] [stdout]   |             ^^ could not find `um` in `winapi`
[INFO] [stdout] 
[INFO] [stdout] 
[INFO] [stdout] error[E0433]: failed to resolve: could not find `um` in `winapi`
[INFO] [stdout]   --> src/util.rs:15:13
[INFO] [stdout]    |
[INFO] [stdout] 15 | use winapi::um::dpapi::{
[INFO] [stdout]    |             ^^ could not find `um` in `winapi`
[INFO] [stdout] 
[INFO] [stdout] 
[INFO] [stdout] error[E0433]: failed to resolve: could not find `um` in `winapi`
[INFO] [stdout]  --> src/data_blob.rs:5:13
[INFO] [stdout]   |
[INFO] [stdout] 5 | use winapi::um::{
[INFO] [stdout]   |             ^^ could not find `um` in `winapi`
[INFO] [stdout] 
[INFO] [stdout] 
[INFO] [stdout] error[E0433]: failed to resolve: could not find `windows` in `os`
[INFO] [stdout]  --> src/local_wide_string.rs:4:9
[INFO] [stdout]   |
[INFO] [stdout] 4 |     os::windows::ffi::OsStringExt,
[INFO] [stdout]   |         ^^^^^^^ could not find `windows` in `os`
[INFO] [stdout] 
[INFO] [stdout] 
[INFO] [stdout] error[E0433]: failed to resolve: could not find `um` in `winapi`
[INFO] [stdout]  --> src/local_wide_string.rs:6:13
[INFO] [stdout]   |
[INFO] [stdout] 6 | use winapi::um::{
[INFO] [stdout]   |             ^^ could not find `um` in `winapi`
[INFO] [stdout] 
[INFO] [stdout] 
[INFO] [stdout] error[E0433]: failed to resolve: could not find `um` in `winapi`
[INFO] [stdout]   --> src/util.rs:15:13
[INFO] [stdout]    |
[INFO] [stdout] 15 | use winapi::um::dpapi::{
[INFO] [stdout]    |             ^^ could not find `um` in `winapi`
[INFO] [stdout] 
[INFO] [stdout] 
[INFO] [stdout] error[E0412]: cannot find type `DATA_BLOB` in this scope
[INFO] [stdout]   --> src/data_blob.rs:14:21
[INFO] [stdout]    |
[INFO] [stdout] 14 | pub struct DataBlob(DATA_BLOB);
[INFO] [stdout]    |                     ^^^^^^^^^ not found in this scope
[INFO] [stdout] 
[INFO] [stdout] 
[INFO] [stdout] error[E0412]: cannot find type `DATA_BLOB` in this scope
[INFO] [stdout]   --> src/data_blob.rs:18:35
[INFO] [stdout]    |
[INFO] [stdout] 16 | impl DataBlob {
[INFO] [stdout]    |     - help: you might be missing a type parameter: `<DATA_BLOB>`
[INFO] [stdout] 17 |     pub fn new() -> Self {
[INFO] [stdout] 18 |         let mut blob: MaybeUninit<DATA_BLOB> = MaybeUninit::uninit();
[INFO] [stdout]    |                                   ^^^^^^^^^ not found in this scope
[INFO] [stdout] 
[INFO] [stdout] 
[INFO] [stdout] error[E0412]: cannot find type `DATA_BLOB` in this scope
[INFO] [stdout]   --> src/data_blob.rs:31:35
[INFO] [stdout]    |
[INFO] [stdout] 16 | impl DataBlob {
[INFO] [stdout]    |     - help: you might be missing a type parameter: `<DATA_BLOB>`
[INFO] [stdout] ...
[INFO] [stdout] 31 |         let mut blob: MaybeUninit<DATA_BLOB> = MaybeUninit::uninit();
[INFO] [stdout]    |                                   ^^^^^^^^^ not found in this scope
[INFO] [stdout] 
[INFO] [stdout] 
[INFO] [stdout] error[E0425]: cannot find function, tuple struct or tuple variant `LocalAlloc` in this scope
[INFO] [stdout]   --> src/data_blob.rs:34:33
[INFO] [stdout]    |
[INFO] [stdout] 34 |         let data_ptr = unsafe { LocalAlloc(0, len) as *mut u8 };
[INFO] [stdout]    |                                 ^^^^^^^^^^ not found in this scope
[INFO] [stdout] 
[INFO] [stdout] 
[INFO] [stdout] error[E0412]: cannot find type `DATA_BLOB` in this scope
[INFO] [stdout]   --> src/data_blob.rs:44:42
[INFO] [stdout]    |
[INFO] [stdout] 44 |     pub fn as_mut_ptr(&mut self) -> *mut DATA_BLOB {
[INFO] [stdout]    |                                          ^^^^^^^^^ not found in this scope
[INFO] [stdout] 
[INFO] [stdout] 
[INFO] [stdout] error[E0425]: cannot find function, tuple struct or tuple variant `LocalFree` in this scope
[INFO] [stdout]   --> src/data_blob.rs:62:13
[INFO] [stdout]    |
[INFO] [stdout] 62 |             LocalFree(self.0.pbData as *mut std::ffi::c_void);
[INFO] [stdout]    |             ^^^^^^^^^ not found in this scope
[INFO] [stdout] 
[INFO] [stdout] 
[INFO] [stdout] error[E0412]: cannot find type `LPWSTR` in this scope
[INFO] [stdout]   --> src/local_wide_string.rs:15:28
[INFO] [stdout]    |
[INFO] [stdout] 15 | pub struct LocalWideString(LPWSTR);
[INFO] [stdout]    |                            ^^^^^^ not found in this scope
[INFO] [stdout] 
[INFO] [stdout] 
[INFO] [stdout] error[E0412]: cannot find type `LPWSTR` in this scope
[INFO] [stdout]   --> src/local_wide_string.rs:20:34
[INFO] [stdout]    |
[INFO] [stdout] 20 |     pub unsafe fn from_lpwstr(s: LPWSTR) -> Self {
[INFO] [stdout]    |                                  ^^^^^^ not found in this scope
[INFO] [stdout] 
[INFO] [stdout] 
[INFO] [stdout] error[E0412]: cannot find type `LPWSTR` in this scope
[INFO] [stdout]   --> src/local_wide_string.rs:26:38
[INFO] [stdout]    |
[INFO] [stdout] 26 |     pub unsafe fn try_from_lpwstr(s: LPWSTR) -> Option<Self> {
[INFO] [stdout]    |                                      ^^^^^^ not found in this scope
[INFO] [stdout] 
[INFO] [stdout] 
[INFO] [stdout] error[E0412]: cannot find type `LPWSTR` in this scope
[INFO] [stdout]   --> src/local_wide_string.rs:34:37
[INFO] [stdout]    |
[INFO] [stdout] 34 |     pub fn as_mut_ptr(&mut self) -> LPWSTR {
[INFO] [stdout]    |                                     ^^^^^^ not found in this scope
[INFO] [stdout] 
[INFO] [stdout] 
[INFO] [stdout] error[E0425]: cannot find function `lstrlenW` in this scope
[INFO] [stdout]   --> src/local_wide_string.rs:39:18
[INFO] [stdout]    |
[INFO] [stdout] 39 |         unsafe { lstrlenW(self.0).try_into().unwrap() }
[INFO] [stdout]    |                  ^^^^^^^^ not found in this scope
[INFO] [stdout] 
[INFO] [stdout] 
[INFO] [stdout] error[E0425]: cannot find function, tuple struct or tuple variant `LocalFree` in this scope
[INFO] [stdout]   --> src/local_wide_string.rs:58:13
[INFO] [stdout]    |
[INFO] [stdout] 58 |             LocalFree(self.0 as *mut std::ffi::c_void);
[INFO] [stdout]    |             ^^^^^^^^^ not found in this scope
[INFO] [stdout] 
[INFO] [stdout] 
[INFO] [stdout] error[E0425]: cannot find function, tuple struct or tuple variant `CryptUnprotectData` in this scope
[INFO] [stdout]   --> src/util.rs:33:9
[INFO] [stdout]    |
[INFO] [stdout] 33 |         CryptUnprotectData(
[INFO] [stdout]    |         ^^^^^^^^^^^^^^^^^^ not found in this scope
[INFO] [stdout] 
[INFO] [stdout] 
[INFO] [stdout] error[E0425]: cannot find value `CRYPTPROTECT_UI_FORBIDDEN` in this scope
[INFO] [stdout]   --> src/util.rs:39:13
[INFO] [stdout]    |
[INFO] [stdout] 39 |             CRYPTPROTECT_UI_FORBIDDEN,
[INFO] [stdout]    |             ^^^^^^^^^^^^^^^^^^^^^^^^^ not found in this scope
[INFO] [stdout] 
[INFO] [stdout] 
[INFO] [stdout] error[E0412]: cannot find type `DATA_BLOB` in this scope
[INFO] [stdout]   --> src/data_blob.rs:14:21
[INFO] [stdout]    |
[INFO] [stdout] 14 | pub struct DataBlob(DATA_BLOB);
[INFO] [stdout]    |                     ^^^^^^^^^ not found in this scope
[INFO] [stdout] 
[INFO] [stdout] 
[INFO] [stdout] error[E0412]: cannot find type `DATA_BLOB` in this scope
[INFO] [stdout]   --> src/data_blob.rs:18:35
[INFO] [stdout]    |
[INFO] [stdout] 16 | impl DataBlob {
[INFO] [stdout]    |     - help: you might be missing a type parameter: `<DATA_BLOB>`
[INFO] [stdout] 17 |     pub fn new() -> Self {
[INFO] [stdout] 18 |         let mut blob: MaybeUninit<DATA_BLOB> = MaybeUninit::uninit();
[INFO] [stdout]    |                                   ^^^^^^^^^ not found in this scope
[INFO] [stdout] 
[INFO] [stdout] 
[INFO] [stdout] error[E0412]: cannot find type `DATA_BLOB` in this scope
[INFO] [stdout]   --> src/data_blob.rs:31:35
[INFO] [stdout]    |
[INFO] [stdout] 16 | impl DataBlob {
[INFO] [stdout]    |     - help: you might be missing a type parameter: `<DATA_BLOB>`
[INFO] [stdout] ...
[INFO] [stdout] 31 |         let mut blob: MaybeUninit<DATA_BLOB> = MaybeUninit::uninit();
[INFO] [stdout]    |                                   ^^^^^^^^^ not found in this scope
[INFO] [stdout] 
[INFO] [stdout] 
[INFO] [stdout] error[E0425]: cannot find function, tuple struct or tuple variant `LocalAlloc` in this scope
[INFO] [stdout]   --> src/data_blob.rs:34:33
[INFO] [stdout]    |
[INFO] [stdout] 34 |         let data_ptr = unsafe { LocalAlloc(0, len) as *mut u8 };
[INFO] [stdout]    |                                 ^^^^^^^^^^ not found in this scope
[INFO] [stdout] 
[INFO] [stdout] 
[INFO] [stdout] error[E0412]: cannot find type `DATA_BLOB` in this scope
[INFO] [stdout]   --> src/data_blob.rs:44:42
[INFO] [stdout]    |
[INFO] [stdout] 44 |     pub fn as_mut_ptr(&mut self) -> *mut DATA_BLOB {
[INFO] [stdout]    |                                          ^^^^^^^^^ not found in this scope
[INFO] [stdout] 
[INFO] [stdout] 
[INFO] [stdout] error[E0425]: cannot find function, tuple struct or tuple variant `LocalFree` in this scope
[INFO] [stdout]   --> src/data_blob.rs:62:13
[INFO] [stdout]    |
[INFO] [stdout] 62 |             LocalFree(self.0.pbData as *mut std::ffi::c_void);
[INFO] [stdout]    |             ^^^^^^^^^ not found in this scope
[INFO] [stdout] 
[INFO] [stdout] 
[INFO] [stdout] error[E0412]: cannot find type `LPWSTR` in this scope
[INFO] [stdout]   --> src/local_wide_string.rs:15:28
[INFO] [stdout]    |
[INFO] [stdout] 15 | pub struct LocalWideString(LPWSTR);
[INFO] [stdout]    |                            ^^^^^^ not found in this scope
[INFO] [stdout] 
[INFO] [stdout] 
[INFO] [stdout] error[E0412]: cannot find type `LPWSTR` in this scope
[INFO] [stdout]   --> src/local_wide_string.rs:20:34
[INFO] [stdout]    |
[INFO] [stdout] 20 |     pub unsafe fn from_lpwstr(s: LPWSTR) -> Self {
[INFO] [stdout]    |                                  ^^^^^^ not found in this scope
[INFO] [stdout] 
[INFO] [stdout] 
[INFO] [stdout] error[E0412]: cannot find type `LPWSTR` in this scope
[INFO] [stdout]   --> src/local_wide_string.rs:26:38
[INFO] [stdout]    |
[INFO] [stdout] 26 |     pub unsafe fn try_from_lpwstr(s: LPWSTR) -> Option<Self> {
[INFO] [stdout]    |                                      ^^^^^^ not found in this scope
[INFO] [stdout] 
[INFO] [stdout] 
[INFO] [stdout] error[E0412]: cannot find type `LPWSTR` in this scope
[INFO] [stdout]   --> src/local_wide_string.rs:34:37
[INFO] [stdout]    |
[INFO] [stdout] 34 |     pub fn as_mut_ptr(&mut self) -> LPWSTR {
[INFO] [stdout]    |                                     ^^^^^^ not found in this scope
[INFO] [stdout] 
[INFO] [stdout] 
[INFO] [stdout] error[E0425]: cannot find function `lstrlenW` in this scope
[INFO] [stdout]   --> src/local_wide_string.rs:39:18
[INFO] [stdout]    |
[INFO] [stdout] 39 |         unsafe { lstrlenW(self.0).try_into().unwrap() }
[INFO] [stdout]    |                  ^^^^^^^^ not found in this scope
[INFO] [stdout] 
[INFO] [stdout] 
[INFO] [stdout] error[E0425]: cannot find function, tuple struct or tuple variant `LocalFree` in this scope
[INFO] [stdout]   --> src/local_wide_string.rs:58:13
[INFO] [stdout]    |
[INFO] [stdout] 58 |             LocalFree(self.0 as *mut std::ffi::c_void);
[INFO] [stdout]    |             ^^^^^^^^^ not found in this scope
[INFO] [stdout] 
[INFO] [stdout] 
[INFO] [stdout] error[E0425]: cannot find function, tuple struct or tuple variant `CryptUnprotectData` in this scope
[INFO] [stdout]   --> src/util.rs:33:9
[INFO] [stdout]    |
[INFO] [stdout] 33 |         CryptUnprotectData(
[INFO] [stdout]    |         ^^^^^^^^^^^^^^^^^^ not found in this scope
[INFO] [stdout] 
[INFO] [stdout] 
[INFO] [stdout] error[E0425]: cannot find value `CRYPTPROTECT_UI_FORBIDDEN` in this scope
[INFO] [stdout]   --> src/util.rs:39:13
[INFO] [stdout]    |
[INFO] [stdout] 39 |             CRYPTPROTECT_UI_FORBIDDEN,
[INFO] [stdout]    |             ^^^^^^^^^^^^^^^^^^^^^^^^^ not found in this scope
[INFO] [stdout] 
[INFO] [stdout] 
[INFO] [stdout] error[E0599]: no function or associated item named `from_wide` found for struct `OsString` in the current scope
[INFO] [stdout]   --> src/local_wide_string.rs:51:19
[INFO] [stdout]    |
[INFO] [stdout] 51 |         OsString::from_wide(self.as_slice())
[INFO] [stdout]    |                   ^^^^^^^^^ function or associated item not found in `OsString`
[INFO] [stdout] 
[INFO] [stdout] 
[INFO] [stdout] error[E0599]: no function or associated item named `from_wide` found for struct `OsString` in the current scope
[INFO] [stdout]   --> src/local_wide_string.rs:51:19
[INFO] [stdout]    |
[INFO] [stdout] 51 |         OsString::from_wide(self.as_slice())
[INFO] [stdout]    |                   ^^^^^^^^^ function or associated item not found in `OsString`
[INFO] [stdout] 
[INFO] [stdout] 
[INFO] [stdout] error: aborting due to 19 previous errors
[INFO] [stdout] 
[INFO] [stdout] 
[INFO] [stdout] Some errors have detailed explanations: E0412, E0425, E0433, E0599.
[INFO] [stdout] 
[INFO] [stdout] For more information about an error, try `rustc --explain E0412`.
[INFO] [stdout] 
[INFO] [stdout] error: aborting due to 19 previous errors
[INFO] [stdout] 
[INFO] [stdout] 
[INFO] [stdout] Some errors have detailed explanations: E0412, E0425, E0433, E0599.
[INFO] [stdout] 
[INFO] [stdout] For more information about an error, try `rustc --explain E0412`.
[INFO] [stdout] 
[INFO] [stderr] error: could not compile `chrome-password-snatcher`.
[INFO] [stderr] 
[INFO] [stderr] To learn more, run the command again with --verbose.
[INFO] [stderr] warning: build failed, waiting for other jobs to finish...
[INFO] [stderr] error: build failed
[INFO] running `Command { std: "docker" "inspect" "7aed69186b4a16e22803f12b319549e77f064cfdd315da5e897bf017b272b0f2", kill_on_drop: false }`
[INFO] running `Command { std: "docker" "rm" "-f" "7aed69186b4a16e22803f12b319549e77f064cfdd315da5e897bf017b272b0f2", kill_on_drop: false }`
[INFO] [stdout] 7aed69186b4a16e22803f12b319549e77f064cfdd315da5e897bf017b272b0f2
